{"id":88,"date":"2023-12-17T16:11:50","date_gmt":"2023-12-17T15:11:50","guid":{"rendered":"https:\/\/kompetencjecyfrowe.uksw.edu.pl\/?page_id=88"},"modified":"2024-01-29T21:44:29","modified_gmt":"2024-01-29T20:44:29","slug":"przydatne-strony","status":"publish","type":"page","link":"https:\/\/kompetencjecyfrowe.uksw.edu.pl\/?page_id=88","title":{"rendered":"Przydatne strony"},"content":{"rendered":"\n<p><a href=\"https:\/\/www.gov.pl\/web\/nauka\" target=\"_blank\" rel=\"noreferrer noopener\">Strona Ministerstwa Nauki i Szkolnictwa Wy\u017cszego<\/a> . Strona po\u015bwi\u0119cona systemowi szkolnictwa wy\u017cszego. Znajduj\u0105 si\u0119 tu informacje przydatne dla pracownik\u00f3w uczelni, student\u00f3w jak i kandydat\u00f3w na studia. W zak\u0142adce nauka, dost\u0119pne s\u0105 materia\u0142y dotycz\u0105ce publikacji, finansowania nauki i projekt\u00f3w mi\u0119dzynarodowych.<\/p>\n\n\n\n<p><a href=\"https:\/\/nask.pl\">NASK &#8211; Pa\u0144stwowy Instytut Badawczy.<\/a> Instytucja, kt\u00f3ra w obszarze polskiego Internetu dzia\u0142a od momentu jego pojawienia si\u0119 w Polsce, czyli od roku 1991. NASK prowadzi kampanie edukacyjne i udost\u0119pnia materia\u0142y szkoleniowe z zakresu cyberbezpiecze\u0144stwa. <\/p>\n\n\n\n<p><a href=\"https:\/\/www.gov.pl\/web\/cyfryzacja\/cyberbezpieczenstwo\">Strona Ministerstwa Cyfryzacji dotycz\u0105ca cyberbezpiecze\u0144stwa.<\/a> Znajduj\u0105 si\u0119 tam dzia\u0142y: Krajowy system cyberbezpiecze\u0144stwa; Wsp\u00f3\u0142praca mi\u0119dzynarodowa; Certyfikacja; Strategia; Edukacja; Pozosta\u0142a dzia\u0142alno\u015b\u0107 krajowa; Program Wsp\u00f3\u0142pracy w Cyberbezpiecze\u0144stwie (PWCyber)<\/p>\n","protected":false},"excerpt":{"rendered":"<p>Strona Ministerstwa Nauki i Szkolnictwa Wy\u017cszego . Strona po\u015bwi\u0119cona systemowi szkolnictwa wy\u017cszego. Znajduj\u0105 si\u0119 tu [&hellip;]<\/p>\n","protected":false},"author":4,"featured_media":0,"parent":52,"menu_order":0,"comment_status":"closed","ping_status":"closed","template":"","meta":{"footnotes":""},"_links":{"self":[{"href":"https:\/\/kompetencjecyfrowe.uksw.edu.pl\/index.php?rest_route=\/wp\/v2\/pages\/88"}],"collection":[{"href":"https:\/\/kompetencjecyfrowe.uksw.edu.pl\/index.php?rest_route=\/wp\/v2\/pages"}],"about":[{"href":"https:\/\/kompetencjecyfrowe.uksw.edu.pl\/index.php?rest_route=\/wp\/v2\/types\/page"}],"author":[{"embeddable":true,"href":"https:\/\/kompetencjecyfrowe.uksw.edu.pl\/index.php?rest_route=\/wp\/v2\/users\/4"}],"replies":[{"embeddable":true,"href":"https:\/\/kompetencjecyfrowe.uksw.edu.pl\/index.php?rest_route=%2Fwp%2Fv2%2Fcomments&post=88"}],"version-history":[{"count":7,"href":"https:\/\/kompetencjecyfrowe.uksw.edu.pl\/index.php?rest_route=\/wp\/v2\/pages\/88\/revisions"}],"predecessor-version":[{"id":575,"href":"https:\/\/kompetencjecyfrowe.uksw.edu.pl\/index.php?rest_route=\/wp\/v2\/pages\/88\/revisions\/575"}],"up":[{"embeddable":true,"href":"https:\/\/kompetencjecyfrowe.uksw.edu.pl\/index.php?rest_route=\/wp\/v2\/pages\/52"}],"wp:attachment":[{"href":"https:\/\/kompetencjecyfrowe.uksw.edu.pl\/index.php?rest_route=%2Fwp%2Fv2%2Fmedia&parent=88"}],"curies":[{"name":"wp","href":"https:\/\/api.w.org\/{rel}","templated":true}]}}