{"id":98,"date":"2023-12-17T17:20:46","date_gmt":"2023-12-17T16:20:46","guid":{"rendered":"https:\/\/kompetencjecyfrowe.uksw.edu.pl\/?page_id=98"},"modified":"2023-12-17T17:20:46","modified_gmt":"2023-12-17T16:20:46","slug":"search-videos","status":"publish","type":"page","link":"https:\/\/kompetencjecyfrowe.uksw.edu.pl\/?page_id=98","title":{"rendered":"Search Videos"},"content":{"rendered":"\r\n<div id=\"aiovg-69d13cfdd50ac1\" class=\"aiovg aiovg-videos aiovg-videos-template-classic\">\r\n\t    \r\n    <div class=\"aiovg-section-videos aiovg-grid aiovg-row\">   \r\n                    \r\n            <div class=\"aiovg-item-video aiovg-item-video-545 aiovg-col aiovg-col-3 aiovg-col-xs-2\" data-id=\"545\">\r\n                \n<div class=\"aiovg-thumbnail aiovg-thumbnail-style-image-top\">\n    <a href=\"https:\/\/kompetencjecyfrowe.uksw.edu.pl\/?aiovg_videos=prof-dr-hab-grazyna-szpor-naukowe-centrum-prawno-informatyczne-uksw\" class=\"aiovg-responsive-container\" style=\"padding-bottom: 56.25%;\">\n        <img decoding=\"async\" src=\"https:\/\/img.youtube.com\/vi\/zPk_B3DgVPg\/maxresdefault.jpg\" alt=\"prof. dr hab. Gra\u017cyna Szpor \u2013 Naukowe Centrum Prawno-Informatyczne, UKSW\" class=\"aiovg-responsive-element\" \/>                    \n        \n        \n        <svg class=\"aiovg-svg-icon aiovg-svg-icon-play\" width=\"32\" height=\"32\" viewBox=\"0 0 32 32\">\n            <path d=\"M16 0c-8.837 0-16 7.163-16 16s7.163 16 16 16 16-7.163 16-16-7.163-16-16-16zM16 29c-7.18 0-13-5.82-13-13s5.82-13 13-13 13 5.82 13 13-5.82 13-13 13zM12 9l12 7-12 7z\"><\/path>\n        <\/svg>\n    <\/a>    \t\n    \n    <div class=\"aiovg-caption\">\n                    <div class=\"aiovg-title\">\n                <a href=\"https:\/\/kompetencjecyfrowe.uksw.edu.pl\/?aiovg_videos=prof-dr-hab-grazyna-szpor-naukowe-centrum-prawno-informatyczne-uksw\" class=\"aiovg-link-title\">prof. dr hab. Gra\u017cyna Szpor \u2013 Naukowe Centrum Prawno-Informatyczne, UKSW<\/a>\n            <\/div>\n        \n                    \n                \n        <div class=\"aiovg-category aiovg-text-small\"><svg class=\"aiovg-svg-icon aiovg-svg-icon-categories\" width=\"16\" height=\"16\" viewBox=\"0 0 32 32\"><path d=\"M26 30l6-16h-26l-6 16zM4 12l-4 18v-26h9l4 4h13v4z\"><\/path><\/svg> <a href=\"https:\/\/kompetencjecyfrowe.uksw.edu.pl\/?page_id=96&#038;aiovg_category=ogolnodostepne-filmu-z-serwisu-youtube\" class=\"aiovg-link-category\">Og\u00f3lnodost\u0119pne filmu z serwisu YouTube<\/a><\/div>\n                \n                    <div class=\"aiovg-views aiovg-text-small\">\n                <svg class=\"aiovg-svg-icon aiovg-svg-icon-views\" width=\"16\" height=\"16\" viewBox=\"0 0 32 32\">\n                    <path d=\"M16 6c-6.979 0-13.028 4.064-16 10 2.972 5.936 9.021 10 16 10s13.027-4.064 16-10c-2.972-5.936-9.021-10-16-10zM23.889 11.303c1.88 1.199 3.473 2.805 4.67 4.697-1.197 1.891-2.79 3.498-4.67 4.697-2.362 1.507-5.090 2.303-7.889 2.303s-5.527-0.796-7.889-2.303c-1.88-1.199-3.473-2.805-4.67-4.697 1.197-1.891 2.79-3.498 4.67-4.697 0.122-0.078 0.246-0.154 0.371-0.228-0.311 0.854-0.482 1.776-0.482 2.737 0 4.418 3.582 8 8 8s8-3.582 8-8c0-0.962-0.17-1.883-0.482-2.737 0.124 0.074 0.248 0.15 0.371 0.228v0zM16 13c0 1.657-1.343 3-3 3s-3-1.343-3-3 1.343-3 3-3 3 1.343 3 3z\"><\/path>\n                <\/svg> \n                49 views            <\/div>\n            <\/div>\n<\/div>            \r\n            <\/div>                \r\n                        \r\n            <div class=\"aiovg-item-video aiovg-item-video-109 aiovg-col aiovg-col-3 aiovg-col-xs-2\" data-id=\"109\">\r\n                \n<div class=\"aiovg-thumbnail aiovg-thumbnail-style-image-top\">\n    <a href=\"https:\/\/kompetencjecyfrowe.uksw.edu.pl\/?aiovg_videos=kompetencje-cyfrowe-w-europie-i-miejsce-polski-na-cyfrowej-mapie-europy\" class=\"aiovg-responsive-container\" style=\"padding-bottom: 56.25%;\">\n        <img decoding=\"async\" src=\"https:\/\/img.youtube.com\/vi\/XB7WGYe01Vc\/maxresdefault.jpg\" alt=\"Kompetencje cyfrowe w Europie i miejsce Polski na cyfrowej mapie Europy\" class=\"aiovg-responsive-element\" \/>                    \n        \n        \n        <svg class=\"aiovg-svg-icon aiovg-svg-icon-play\" width=\"32\" height=\"32\" viewBox=\"0 0 32 32\">\n            <path d=\"M16 0c-8.837 0-16 7.163-16 16s7.163 16 16 16 16-7.163 16-16-7.163-16-16-16zM16 29c-7.18 0-13-5.82-13-13s5.82-13 13-13 13 5.82 13 13-5.82 13-13 13zM12 9l12 7-12 7z\"><\/path>\n        <\/svg>\n    <\/a>    \t\n    \n    <div class=\"aiovg-caption\">\n                    <div class=\"aiovg-title\">\n                <a href=\"https:\/\/kompetencjecyfrowe.uksw.edu.pl\/?aiovg_videos=kompetencje-cyfrowe-w-europie-i-miejsce-polski-na-cyfrowej-mapie-europy\" class=\"aiovg-link-title\">Kompetencje cyfrowe w Europie i miejsce Polski na cyfrowej mapie Europy<\/a>\n            <\/div>\n        \n                    \n                \n        <div class=\"aiovg-category aiovg-text-small\"><svg class=\"aiovg-svg-icon aiovg-svg-icon-categories\" width=\"16\" height=\"16\" viewBox=\"0 0 32 32\"><path d=\"M26 30l6-16h-26l-6 16zM4 12l-4 18v-26h9l4 4h13v4z\"><\/path><\/svg> <a href=\"https:\/\/kompetencjecyfrowe.uksw.edu.pl\/?page_id=96&#038;aiovg_category=ogolnodostepne-filmu-z-serwisu-youtube\" class=\"aiovg-link-category\">Og\u00f3lnodost\u0119pne filmu z serwisu YouTube<\/a><\/div>\n                \n                    <div class=\"aiovg-views aiovg-text-small\">\n                <svg class=\"aiovg-svg-icon aiovg-svg-icon-views\" width=\"16\" height=\"16\" viewBox=\"0 0 32 32\">\n                    <path d=\"M16 6c-6.979 0-13.028 4.064-16 10 2.972 5.936 9.021 10 16 10s13.027-4.064 16-10c-2.972-5.936-9.021-10-16-10zM23.889 11.303c1.88 1.199 3.473 2.805 4.67 4.697-1.197 1.891-2.79 3.498-4.67 4.697-2.362 1.507-5.090 2.303-7.889 2.303s-5.527-0.796-7.889-2.303c-1.88-1.199-3.473-2.805-4.67-4.697 1.197-1.891 2.79-3.498 4.67-4.697 0.122-0.078 0.246-0.154 0.371-0.228-0.311 0.854-0.482 1.776-0.482 2.737 0 4.418 3.582 8 8 8s8-3.582 8-8c0-0.962-0.17-1.883-0.482-2.737 0.124 0.074 0.248 0.15 0.371 0.228v0zM16 13c0 1.657-1.343 3-3 3s-3-1.343-3-3 1.343-3 3-3 3 1.343 3 3z\"><\/path>\n                <\/svg> \n                29 views            <\/div>\n            <\/div>\n<\/div>            \r\n            <\/div>                \r\n                        \r\n            <div class=\"aiovg-item-video aiovg-item-video-108 aiovg-col aiovg-col-3 aiovg-col-xs-2\" data-id=\"108\">\r\n                \n<div class=\"aiovg-thumbnail aiovg-thumbnail-style-image-top\">\n    <a href=\"https:\/\/kompetencjecyfrowe.uksw.edu.pl\/?aiovg_videos=kompetencje-cyfrowe-nauczycieli-od-teorii-do-skutecznej-zmiany\" class=\"aiovg-responsive-container\" style=\"padding-bottom: 56.25%;\">\n        <img decoding=\"async\" src=\"https:\/\/img.youtube.com\/vi\/DaqnxXzAEuA\/maxresdefault.jpg\" alt=\"Kompetencje cyfrowe nauczycieli - od teorii do skutecznej zmiany.\" class=\"aiovg-responsive-element\" \/>                    \n        \n        \n        <svg class=\"aiovg-svg-icon aiovg-svg-icon-play\" width=\"32\" height=\"32\" viewBox=\"0 0 32 32\">\n            <path d=\"M16 0c-8.837 0-16 7.163-16 16s7.163 16 16 16 16-7.163 16-16-7.163-16-16-16zM16 29c-7.18 0-13-5.82-13-13s5.82-13 13-13 13 5.82 13 13-5.82 13-13 13zM12 9l12 7-12 7z\"><\/path>\n        <\/svg>\n    <\/a>    \t\n    \n    <div class=\"aiovg-caption\">\n                    <div class=\"aiovg-title\">\n                <a href=\"https:\/\/kompetencjecyfrowe.uksw.edu.pl\/?aiovg_videos=kompetencje-cyfrowe-nauczycieli-od-teorii-do-skutecznej-zmiany\" class=\"aiovg-link-title\">Kompetencje cyfrowe nauczycieli &#8211; od teorii do skutecznej zmiany.<\/a>\n            <\/div>\n        \n                    \n                \n        <div class=\"aiovg-category aiovg-text-small\"><svg class=\"aiovg-svg-icon aiovg-svg-icon-categories\" width=\"16\" height=\"16\" viewBox=\"0 0 32 32\"><path d=\"M26 30l6-16h-26l-6 16zM4 12l-4 18v-26h9l4 4h13v4z\"><\/path><\/svg> <a href=\"https:\/\/kompetencjecyfrowe.uksw.edu.pl\/?page_id=96&#038;aiovg_category=ogolnodostepne-filmu-z-serwisu-youtube\" class=\"aiovg-link-category\">Og\u00f3lnodost\u0119pne filmu z serwisu YouTube<\/a><\/div>\n                \n                    <div class=\"aiovg-views aiovg-text-small\">\n                <svg class=\"aiovg-svg-icon aiovg-svg-icon-views\" width=\"16\" height=\"16\" viewBox=\"0 0 32 32\">\n                    <path d=\"M16 6c-6.979 0-13.028 4.064-16 10 2.972 5.936 9.021 10 16 10s13.027-4.064 16-10c-2.972-5.936-9.021-10-16-10zM23.889 11.303c1.88 1.199 3.473 2.805 4.67 4.697-1.197 1.891-2.79 3.498-4.67 4.697-2.362 1.507-5.090 2.303-7.889 2.303s-5.527-0.796-7.889-2.303c-1.88-1.199-3.473-2.805-4.67-4.697 1.197-1.891 2.79-3.498 4.67-4.697 0.122-0.078 0.246-0.154 0.371-0.228-0.311 0.854-0.482 1.776-0.482 2.737 0 4.418 3.582 8 8 8s8-3.582 8-8c0-0.962-0.17-1.883-0.482-2.737 0.124 0.074 0.248 0.15 0.371 0.228v0zM16 13c0 1.657-1.343 3-3 3s-3-1.343-3-3 1.343-3 3-3 3 1.343 3 3z\"><\/path>\n                <\/svg> \n                21 views            <\/div>\n            <\/div>\n<\/div>            \r\n            <\/div>                \r\n                        \r\n            <div class=\"aiovg-item-video aiovg-item-video-107 aiovg-col aiovg-col-3 aiovg-col-xs-2\" data-id=\"107\">\r\n                \n<div class=\"aiovg-thumbnail aiovg-thumbnail-style-image-top\">\n    <a href=\"https:\/\/kompetencjecyfrowe.uksw.edu.pl\/?aiovg_videos=kompetencje-cyfrowe-priorytetem-dla-sil-zbrojnych\" class=\"aiovg-responsive-container\" style=\"padding-bottom: 56.25%;\">\n        <img decoding=\"async\" src=\"https:\/\/img.youtube.com\/vi\/sna3m4YPWSQ\/maxresdefault.jpg\" alt=\"Kompetencje cyfrowe priorytetem dla si\u0142 zbrojnych\" class=\"aiovg-responsive-element\" \/>                    \n        \n        \n        <svg class=\"aiovg-svg-icon aiovg-svg-icon-play\" width=\"32\" height=\"32\" viewBox=\"0 0 32 32\">\n            <path d=\"M16 0c-8.837 0-16 7.163-16 16s7.163 16 16 16 16-7.163 16-16-7.163-16-16-16zM16 29c-7.18 0-13-5.82-13-13s5.82-13 13-13 13 5.82 13 13-5.82 13-13 13zM12 9l12 7-12 7z\"><\/path>\n        <\/svg>\n    <\/a>    \t\n    \n    <div class=\"aiovg-caption\">\n                    <div class=\"aiovg-title\">\n                <a href=\"https:\/\/kompetencjecyfrowe.uksw.edu.pl\/?aiovg_videos=kompetencje-cyfrowe-priorytetem-dla-sil-zbrojnych\" class=\"aiovg-link-title\">Kompetencje cyfrowe priorytetem dla si\u0142 zbrojnych<\/a>\n            <\/div>\n        \n                    \n                \n        <div class=\"aiovg-category aiovg-text-small\"><svg class=\"aiovg-svg-icon aiovg-svg-icon-categories\" width=\"16\" height=\"16\" viewBox=\"0 0 32 32\"><path d=\"M26 30l6-16h-26l-6 16zM4 12l-4 18v-26h9l4 4h13v4z\"><\/path><\/svg> <a href=\"https:\/\/kompetencjecyfrowe.uksw.edu.pl\/?page_id=96&#038;aiovg_category=ogolnodostepne-filmu-z-serwisu-youtube\" class=\"aiovg-link-category\">Og\u00f3lnodost\u0119pne filmu z serwisu YouTube<\/a><\/div>\n                \n                    <div class=\"aiovg-views aiovg-text-small\">\n                <svg class=\"aiovg-svg-icon aiovg-svg-icon-views\" width=\"16\" height=\"16\" viewBox=\"0 0 32 32\">\n                    <path d=\"M16 6c-6.979 0-13.028 4.064-16 10 2.972 5.936 9.021 10 16 10s13.027-4.064 16-10c-2.972-5.936-9.021-10-16-10zM23.889 11.303c1.88 1.199 3.473 2.805 4.67 4.697-1.197 1.891-2.79 3.498-4.67 4.697-2.362 1.507-5.090 2.303-7.889 2.303s-5.527-0.796-7.889-2.303c-1.88-1.199-3.473-2.805-4.67-4.697 1.197-1.891 2.79-3.498 4.67-4.697 0.122-0.078 0.246-0.154 0.371-0.228-0.311 0.854-0.482 1.776-0.482 2.737 0 4.418 3.582 8 8 8s8-3.582 8-8c0-0.962-0.17-1.883-0.482-2.737 0.124 0.074 0.248 0.15 0.371 0.228v0zM16 13c0 1.657-1.343 3-3 3s-3-1.343-3-3 1.343-3 3-3 3 1.343 3 3z\"><\/path>\n                <\/svg> \n                27 views            <\/div>\n            <\/div>\n<\/div>            \r\n            <\/div>                \r\n                        \r\n            <div class=\"aiovg-item-video aiovg-item-video-105 aiovg-col aiovg-col-3 aiovg-col-xs-2\" data-id=\"105\">\r\n                \n<div class=\"aiovg-thumbnail aiovg-thumbnail-style-image-top\">\n    <a href=\"https:\/\/kompetencjecyfrowe.uksw.edu.pl\/?aiovg_videos=kompetencje-cyfrowe-jak-rozwijac-u-siebie-i-studentow-centrum-e-edukacji-politechniki-krakowskiej\" class=\"aiovg-responsive-container\" style=\"padding-bottom: 56.25%;\">\n        <img decoding=\"async\" src=\"https:\/\/img.youtube.com\/vi\/qsXOMN3Llhk\/maxresdefault.jpg\" alt=\"Kompetencje cyfrowe \u2013 jak rozwija\u0107 u siebie i student\u00f3w. Centrum e-edukacji politechniki krakowskiej\" class=\"aiovg-responsive-element\" \/>                    \n        \n        \n        <svg class=\"aiovg-svg-icon aiovg-svg-icon-play\" width=\"32\" height=\"32\" viewBox=\"0 0 32 32\">\n            <path d=\"M16 0c-8.837 0-16 7.163-16 16s7.163 16 16 16 16-7.163 16-16-7.163-16-16-16zM16 29c-7.18 0-13-5.82-13-13s5.82-13 13-13 13 5.82 13 13-5.82 13-13 13zM12 9l12 7-12 7z\"><\/path>\n        <\/svg>\n    <\/a>    \t\n    \n    <div class=\"aiovg-caption\">\n                    <div class=\"aiovg-title\">\n                <a href=\"https:\/\/kompetencjecyfrowe.uksw.edu.pl\/?aiovg_videos=kompetencje-cyfrowe-jak-rozwijac-u-siebie-i-studentow-centrum-e-edukacji-politechniki-krakowskiej\" class=\"aiovg-link-title\">Kompetencje cyfrowe \u2013 jak rozwija\u0107 u siebie i student\u00f3w. Centrum e-edukacji politechniki krakowskiej<\/a>\n            <\/div>\n        \n                    \n                \n        <div class=\"aiovg-category aiovg-text-small\"><svg class=\"aiovg-svg-icon aiovg-svg-icon-categories\" width=\"16\" height=\"16\" viewBox=\"0 0 32 32\"><path d=\"M26 30l6-16h-26l-6 16zM4 12l-4 18v-26h9l4 4h13v4z\"><\/path><\/svg> <a href=\"https:\/\/kompetencjecyfrowe.uksw.edu.pl\/?page_id=96&#038;aiovg_category=ogolnodostepne-filmu-z-serwisu-youtube\" class=\"aiovg-link-category\">Og\u00f3lnodost\u0119pne filmu z serwisu YouTube<\/a><\/div>\n                \n                    <div class=\"aiovg-views aiovg-text-small\">\n                <svg class=\"aiovg-svg-icon aiovg-svg-icon-views\" width=\"16\" height=\"16\" viewBox=\"0 0 32 32\">\n                    <path d=\"M16 6c-6.979 0-13.028 4.064-16 10 2.972 5.936 9.021 10 16 10s13.027-4.064 16-10c-2.972-5.936-9.021-10-16-10zM23.889 11.303c1.88 1.199 3.473 2.805 4.67 4.697-1.197 1.891-2.79 3.498-4.67 4.697-2.362 1.507-5.090 2.303-7.889 2.303s-5.527-0.796-7.889-2.303c-1.88-1.199-3.473-2.805-4.67-4.697 1.197-1.891 2.79-3.498 4.67-4.697 0.122-0.078 0.246-0.154 0.371-0.228-0.311 0.854-0.482 1.776-0.482 2.737 0 4.418 3.582 8 8 8s8-3.582 8-8c0-0.962-0.17-1.883-0.482-2.737 0.124 0.074 0.248 0.15 0.371 0.228v0zM16 13c0 1.657-1.343 3-3 3s-3-1.343-3-3 1.343-3 3-3 3 1.343 3 3z\"><\/path>\n                <\/svg> \n                25 views            <\/div>\n            <\/div>\n<\/div>            \r\n            <\/div>                \r\n                        \r\n            <div class=\"aiovg-item-video aiovg-item-video-104 aiovg-col aiovg-col-3 aiovg-col-xs-2\" data-id=\"104\">\r\n                \n<div class=\"aiovg-thumbnail aiovg-thumbnail-style-image-top\">\n    <a href=\"https:\/\/kompetencjecyfrowe.uksw.edu.pl\/?aiovg_videos=8-umiejetnosci-ktore-zmienia-twoje-zycie-tak-jak-zmienily-moje\" class=\"aiovg-responsive-container\" style=\"padding-bottom: 56.25%;\">\n        <img decoding=\"async\" src=\"https:\/\/img.youtube.com\/vi\/cMNUAyxOunQ\/maxresdefault.jpg\" alt=\"8 UMIEJ\u0118TNO\u015aCI, kt\u00f3re zmieni\u0105 Twoje \u017cycie (tak jak zmieni\u0142y moje)\" class=\"aiovg-responsive-element\" \/>                    \n        \n        \n        <svg class=\"aiovg-svg-icon aiovg-svg-icon-play\" width=\"32\" height=\"32\" viewBox=\"0 0 32 32\">\n            <path d=\"M16 0c-8.837 0-16 7.163-16 16s7.163 16 16 16 16-7.163 16-16-7.163-16-16-16zM16 29c-7.18 0-13-5.82-13-13s5.82-13 13-13 13 5.82 13 13-5.82 13-13 13zM12 9l12 7-12 7z\"><\/path>\n        <\/svg>\n    <\/a>    \t\n    \n    <div class=\"aiovg-caption\">\n                    <div class=\"aiovg-title\">\n                <a href=\"https:\/\/kompetencjecyfrowe.uksw.edu.pl\/?aiovg_videos=8-umiejetnosci-ktore-zmienia-twoje-zycie-tak-jak-zmienily-moje\" class=\"aiovg-link-title\">8 UMIEJ\u0118TNO\u015aCI, kt\u00f3re zmieni\u0105 Twoje \u017cycie (tak jak zmieni\u0142y moje)<\/a>\n            <\/div>\n        \n                    \n                \n        <div class=\"aiovg-category aiovg-text-small\"><svg class=\"aiovg-svg-icon aiovg-svg-icon-categories\" width=\"16\" height=\"16\" viewBox=\"0 0 32 32\"><path d=\"M26 30l6-16h-26l-6 16zM4 12l-4 18v-26h9l4 4h13v4z\"><\/path><\/svg> <a href=\"https:\/\/kompetencjecyfrowe.uksw.edu.pl\/?page_id=96&#038;aiovg_category=ogolnodostepne-filmu-z-serwisu-youtube\" class=\"aiovg-link-category\">Og\u00f3lnodost\u0119pne filmu z serwisu YouTube<\/a><\/div>\n                \n                    <div class=\"aiovg-views aiovg-text-small\">\n                <svg class=\"aiovg-svg-icon aiovg-svg-icon-views\" width=\"16\" height=\"16\" viewBox=\"0 0 32 32\">\n                    <path d=\"M16 6c-6.979 0-13.028 4.064-16 10 2.972 5.936 9.021 10 16 10s13.027-4.064 16-10c-2.972-5.936-9.021-10-16-10zM23.889 11.303c1.88 1.199 3.473 2.805 4.67 4.697-1.197 1.891-2.79 3.498-4.67 4.697-2.362 1.507-5.090 2.303-7.889 2.303s-5.527-0.796-7.889-2.303c-1.88-1.199-3.473-2.805-4.67-4.697 1.197-1.891 2.79-3.498 4.67-4.697 0.122-0.078 0.246-0.154 0.371-0.228-0.311 0.854-0.482 1.776-0.482 2.737 0 4.418 3.582 8 8 8s8-3.582 8-8c0-0.962-0.17-1.883-0.482-2.737 0.124 0.074 0.248 0.15 0.371 0.228v0zM16 13c0 1.657-1.343 3-3 3s-3-1.343-3-3 1.343-3 3-3 3 1.343 3 3z\"><\/path>\n                <\/svg> \n                41 views            <\/div>\n            <\/div>\n<\/div>            \r\n            <\/div>                \r\n                        \r\n            <div class=\"aiovg-item-video aiovg-item-video-103 aiovg-col aiovg-col-3 aiovg-col-xs-2\" data-id=\"103\">\r\n                \n<div class=\"aiovg-thumbnail aiovg-thumbnail-style-image-top\">\n    <a href=\"https:\/\/kompetencjecyfrowe.uksw.edu.pl\/?aiovg_videos=webinar-jakie-sa-twoje-kompetencje-cyfrowe-nauczycielu\" class=\"aiovg-responsive-container\" style=\"padding-bottom: 56.25%;\">\n        <img decoding=\"async\" src=\"https:\/\/img.youtube.com\/vi\/E-nG-8K6Gsc\/maxresdefault.jpg\" alt=\"Webinar &quot;Jakie s\u0105 Twoje kompetencje cyfrowe, nauczycielu?&quot;\" class=\"aiovg-responsive-element\" \/>                    \n        \n        \n        <svg class=\"aiovg-svg-icon aiovg-svg-icon-play\" width=\"32\" height=\"32\" viewBox=\"0 0 32 32\">\n            <path d=\"M16 0c-8.837 0-16 7.163-16 16s7.163 16 16 16 16-7.163 16-16-7.163-16-16-16zM16 29c-7.18 0-13-5.82-13-13s5.82-13 13-13 13 5.82 13 13-5.82 13-13 13zM12 9l12 7-12 7z\"><\/path>\n        <\/svg>\n    <\/a>    \t\n    \n    <div class=\"aiovg-caption\">\n                    <div class=\"aiovg-title\">\n                <a href=\"https:\/\/kompetencjecyfrowe.uksw.edu.pl\/?aiovg_videos=webinar-jakie-sa-twoje-kompetencje-cyfrowe-nauczycielu\" class=\"aiovg-link-title\">Webinar &#8222;Jakie s\u0105 Twoje kompetencje cyfrowe, nauczycielu?&#8221;<\/a>\n            <\/div>\n        \n                    \n                \n        <div class=\"aiovg-category aiovg-text-small\"><svg class=\"aiovg-svg-icon aiovg-svg-icon-categories\" width=\"16\" height=\"16\" viewBox=\"0 0 32 32\"><path d=\"M26 30l6-16h-26l-6 16zM4 12l-4 18v-26h9l4 4h13v4z\"><\/path><\/svg> <a href=\"https:\/\/kompetencjecyfrowe.uksw.edu.pl\/?page_id=96&#038;aiovg_category=ogolnodostepne-filmu-z-serwisu-youtube\" class=\"aiovg-link-category\">Og\u00f3lnodost\u0119pne filmu z serwisu YouTube<\/a><\/div>\n                \n                    <div class=\"aiovg-views aiovg-text-small\">\n                <svg class=\"aiovg-svg-icon aiovg-svg-icon-views\" width=\"16\" height=\"16\" viewBox=\"0 0 32 32\">\n                    <path d=\"M16 6c-6.979 0-13.028 4.064-16 10 2.972 5.936 9.021 10 16 10s13.027-4.064 16-10c-2.972-5.936-9.021-10-16-10zM23.889 11.303c1.88 1.199 3.473 2.805 4.67 4.697-1.197 1.891-2.79 3.498-4.67 4.697-2.362 1.507-5.090 2.303-7.889 2.303s-5.527-0.796-7.889-2.303c-1.88-1.199-3.473-2.805-4.67-4.697 1.197-1.891 2.79-3.498 4.67-4.697 0.122-0.078 0.246-0.154 0.371-0.228-0.311 0.854-0.482 1.776-0.482 2.737 0 4.418 3.582 8 8 8s8-3.582 8-8c0-0.962-0.17-1.883-0.482-2.737 0.124 0.074 0.248 0.15 0.371 0.228v0zM16 13c0 1.657-1.343 3-3 3s-3-1.343-3-3 1.343-3 3-3 3 1.343 3 3z\"><\/path>\n                <\/svg> \n                24 views            <\/div>\n            <\/div>\n<\/div>            \r\n            <\/div>                \r\n                        \r\n            <div class=\"aiovg-item-video aiovg-item-video-102 aiovg-col aiovg-col-3 aiovg-col-xs-2\" data-id=\"102\">\r\n                \n<div class=\"aiovg-thumbnail aiovg-thumbnail-style-image-top\">\n    <a href=\"https:\/\/kompetencjecyfrowe.uksw.edu.pl\/?aiovg_videos=jak-rozwijac-kompetencje-cyfrowe-rozmowa-ekspercka\" class=\"aiovg-responsive-container\" style=\"padding-bottom: 56.25%;\">\n        <img decoding=\"async\" src=\"https:\/\/img.youtube.com\/vi\/JUSmIYZecjE\/maxresdefault.jpg\" alt=\"Jak rozwija\u0107 kompetencje cyfrowe? | Rozmowa ekspercka\" class=\"aiovg-responsive-element\" \/>                    \n        \n        \n        <svg class=\"aiovg-svg-icon aiovg-svg-icon-play\" width=\"32\" height=\"32\" viewBox=\"0 0 32 32\">\n            <path d=\"M16 0c-8.837 0-16 7.163-16 16s7.163 16 16 16 16-7.163 16-16-7.163-16-16-16zM16 29c-7.18 0-13-5.82-13-13s5.82-13 13-13 13 5.82 13 13-5.82 13-13 13zM12 9l12 7-12 7z\"><\/path>\n        <\/svg>\n    <\/a>    \t\n    \n    <div class=\"aiovg-caption\">\n                    <div class=\"aiovg-title\">\n                <a href=\"https:\/\/kompetencjecyfrowe.uksw.edu.pl\/?aiovg_videos=jak-rozwijac-kompetencje-cyfrowe-rozmowa-ekspercka\" class=\"aiovg-link-title\">Jak rozwija\u0107 kompetencje cyfrowe? | Rozmowa ekspercka<\/a>\n            <\/div>\n        \n                    \n                \n        <div class=\"aiovg-category aiovg-text-small\"><svg class=\"aiovg-svg-icon aiovg-svg-icon-categories\" width=\"16\" height=\"16\" viewBox=\"0 0 32 32\"><path d=\"M26 30l6-16h-26l-6 16zM4 12l-4 18v-26h9l4 4h13v4z\"><\/path><\/svg> <a href=\"https:\/\/kompetencjecyfrowe.uksw.edu.pl\/?page_id=96&#038;aiovg_category=ogolnodostepne-filmu-z-serwisu-youtube\" class=\"aiovg-link-category\">Og\u00f3lnodost\u0119pne filmu z serwisu YouTube<\/a><\/div>\n                \n                    <div class=\"aiovg-views aiovg-text-small\">\n                <svg class=\"aiovg-svg-icon aiovg-svg-icon-views\" width=\"16\" height=\"16\" viewBox=\"0 0 32 32\">\n                    <path d=\"M16 6c-6.979 0-13.028 4.064-16 10 2.972 5.936 9.021 10 16 10s13.027-4.064 16-10c-2.972-5.936-9.021-10-16-10zM23.889 11.303c1.88 1.199 3.473 2.805 4.67 4.697-1.197 1.891-2.79 3.498-4.67 4.697-2.362 1.507-5.090 2.303-7.889 2.303s-5.527-0.796-7.889-2.303c-1.88-1.199-3.473-2.805-4.67-4.697 1.197-1.891 2.79-3.498 4.67-4.697 0.122-0.078 0.246-0.154 0.371-0.228-0.311 0.854-0.482 1.776-0.482 2.737 0 4.418 3.582 8 8 8s8-3.582 8-8c0-0.962-0.17-1.883-0.482-2.737 0.124 0.074 0.248 0.15 0.371 0.228v0zM16 13c0 1.657-1.343 3-3 3s-3-1.343-3-3 1.343-3 3-3 3 1.343 3 3z\"><\/path>\n                <\/svg> \n                26 views            <\/div>\n            <\/div>\n<\/div>            \r\n            <\/div>                \r\n                <\/div>\r\n    \r\n    <\/div>\n","protected":false},"excerpt":{"rendered":"","protected":false},"author":1,"featured_media":0,"parent":0,"menu_order":0,"comment_status":"closed","ping_status":"closed","template":"","meta":{"footnotes":""},"_links":{"self":[{"href":"https:\/\/kompetencjecyfrowe.uksw.edu.pl\/index.php?rest_route=\/wp\/v2\/pages\/98"}],"collection":[{"href":"https:\/\/kompetencjecyfrowe.uksw.edu.pl\/index.php?rest_route=\/wp\/v2\/pages"}],"about":[{"href":"https:\/\/kompetencjecyfrowe.uksw.edu.pl\/index.php?rest_route=\/wp\/v2\/types\/page"}],"author":[{"embeddable":true,"href":"https:\/\/kompetencjecyfrowe.uksw.edu.pl\/index.php?rest_route=\/wp\/v2\/users\/1"}],"replies":[{"embeddable":true,"href":"https:\/\/kompetencjecyfrowe.uksw.edu.pl\/index.php?rest_route=%2Fwp%2Fv2%2Fcomments&post=98"}],"version-history":[{"count":0,"href":"https:\/\/kompetencjecyfrowe.uksw.edu.pl\/index.php?rest_route=\/wp\/v2\/pages\/98\/revisions"}],"wp:attachment":[{"href":"https:\/\/kompetencjecyfrowe.uksw.edu.pl\/index.php?rest_route=%2Fwp%2Fv2%2Fmedia&parent=98"}],"curies":[{"name":"wp","href":"https:\/\/api.w.org\/{rel}","templated":true}]}}